{"id":137,"date":"2015-04-02T10:00:31","date_gmt":"2015-04-02T07:00:31","guid":{"rendered":"http:\/\/lasteaed.tostamaa.ee\/?page_id=137"},"modified":"2023-02-09T09:30:32","modified_gmt":"2023-02-09T07:30:32","slug":"kontakt","status":"publish","type":"page","link":"http:\/\/lasteaed.tostamaa.ee\/?page_id=137","title":{"rendered":"Kontakt"},"content":{"rendered":"<p>Direktor Kadi Adler<\/p>\n<p>Telefonid:<br \/>\n+37244 96 144, 53465490<br \/>\ne-mail: info@tostamaalasteaed.parnu.ee<\/p>\n<p>Varbla mnt 24,<br \/>\nT\u00f5stamaa, 88101<\/p>\n<p>Avatud t\u00f6\u00f6p\u00e4eviti<br \/>\nkell 7.30 &#8211; 18.30<\/p>\n","protected":false},"excerpt":{"rendered":"<p>Direktor Kadi Adler Telefonid: +37244 96 144, 53465490 e-mail: info@tostamaalasteaed.parnu.ee Varbla mnt 24, T\u00f5stamaa, 88101 Avatud t\u00f6\u00f6p\u00e4eviti kell 7.30 &#8211; 18.30<\/p>\n","protected":false},"author":1,"featured_media":0,"parent":0,"menu_order":6,"comment_status":"closed","ping_status":"open","template":"","meta":{"footnotes":""},"class_list":["post-137","page","type-page","status-publish","hentry"],"_links":{"self":[{"href":"http:\/\/lasteaed.tostamaa.ee\/index.php?rest_route=\/wp\/v2\/pages\/137","targetHints":{"allow":["GET"]}}],"collection":[{"href":"http:\/\/lasteaed.tostamaa.ee\/index.php?rest_route=\/wp\/v2\/pages"}],"about":[{"href":"http:\/\/lasteaed.tostamaa.ee\/index.php?rest_route=\/wp\/v2\/types\/page"}],"author":[{"embeddable":true,"href":"http:\/\/lasteaed.tostamaa.ee\/index.php?rest_route=\/wp\/v2\/users\/1"}],"replies":[{"embeddable":true,"href":"http:\/\/lasteaed.tostamaa.ee\/index.php?rest_route=%2Fwp%2Fv2%2Fcomments&post=137"}],"version-history":[{"count":4,"href":"http:\/\/lasteaed.tostamaa.ee\/index.php?rest_route=\/wp\/v2\/pages\/137\/revisions"}],"predecessor-version":[{"id":1099,"href":"http:\/\/lasteaed.tostamaa.ee\/index.php?rest_route=\/wp\/v2\/pages\/137\/revisions\/1099"}],"wp:attachment":[{"href":"http:\/\/lasteaed.tostamaa.ee\/index.php?rest_route=%2Fwp%2Fv2%2Fmedia&parent=137"}],"curies":[{"name":"wp","href":"https:\/\/api.w.org\/{rel}","templated":true}]}}