{"id":186,"date":"2015-04-08T11:06:58","date_gmt":"2015-04-08T08:06:58","guid":{"rendered":"http:\/\/lasteaed.tostamaa.ee\/?page_id=186"},"modified":"2016-03-01T12:42:26","modified_gmt":"2016-03-01T10:42:26","slug":"kasulikke-linke","status":"publish","type":"page","link":"http:\/\/lasteaed.tostamaa.ee\/?page_id=186","title":{"rendered":"Kasulikke linke"},"content":{"rendered":"<p><a title=\"Koolieelse lasteasutuse seadus\" href=\"https:\/\/www.riigiteataja.ee\/akt\/120112014011\" target=\"_blank\">Koolieelse lasteasutuse seadus<\/a><\/p>\n<p><a title=\"Koolieelse lasteasutuse riiklik \u00f5ppekava\" href=\"http:\/\/https:\/\/www.riigiteataja.ee\/akt\/13351772\">Koolieelse lasteasutuse riiklik \u00f5ppekava<\/a><\/p>\n<p><a href=\"http:\/\/www.minulaps.ee\/pedagoogilised-lahenemised\/peamised-muudid-3-6-aastaste-laste-arengu-kohta\" target=\"_blank\">http:\/\/www.minulaps.ee\/pedagoogilised-lahenemised\/peamised-muudid-3-6-aastaste-laste-arengu-kohta<\/a><\/p>\n<p><a title=\"P\u00e4rnu Rajaleidja keskus\" href=\"http:\/\/www.rajaleidja.ee\/parnu\">http:\/\/www.rajaleidja.ee\/parnu<\/a><\/p>\n<p><strong>P\u00e4rnumaa Rajaleidja keskus\u00a0<\/strong>pakub l\u00f5imituna karj\u00e4\u00e4ri- ja \u00f5ppen\u00f5ustamisteenuseid ehk eripedagoogilist, logopeedilist, sotsiaalpedagoogilist, ps\u00fchholoogilist ja karj\u00e4\u00e4rialast n\u00f5ustamist ning karj\u00e4\u00e4riinfo vahendamist. Samuti viiakse keskuses l\u00e4bi ka maakonna n\u00f5ustamiskomisjonide t\u00f6\u00f6d.<br \/>\nAadress Metsa 1, 80010, P\u00e4rnu<a href=\"http:\/\/rajaleidja.ee\/parnumaa\"><br \/>\n<img loading=\"lazy\" decoding=\"async\" src=\"http:\/\/www.audrulasteaed.ee\/web\/images\/Pildid\/Innove_rajaleidja_logo.jpg\" alt=\"Innove rajaleidja logo\" width=\"300\" height=\"128\" \/><\/a><\/p>\n<p>&nbsp;<\/p>\n<p>&nbsp;<\/p>\n","protected":false},"excerpt":{"rendered":"<p>Koolieelse lasteasutuse seadus Koolieelse lasteasutuse riiklik \u00f5ppekava http:\/\/www.minulaps.ee\/pedagoogilised-lahenemised\/peamised-muudid-3-6-aastaste-laste-arengu-kohta http:\/\/www.rajaleidja.ee\/parnu P\u00e4rnumaa Rajaleidja keskus\u00a0pakub l\u00f5imituna karj\u00e4\u00e4ri- ja \u00f5ppen\u00f5ustamisteenuseid ehk eripedagoogilist, logopeedilist, sotsiaalpedagoogilist, ps\u00fchholoogilist ja karj\u00e4\u00e4rialast n\u00f5ustamist ning karj\u00e4\u00e4riinfo vahendamist. Samuti viiakse keskuses l\u00e4bi ka maakonna n\u00f5ustamiskomisjonide t\u00f6\u00f6d. Aadress Metsa 1, 80010, P\u00e4rnu &nbsp; &nbsp;<\/p>\n","protected":false},"author":1,"featured_media":0,"parent":2,"menu_order":0,"comment_status":"closed","ping_status":"open","template":"","meta":{"footnotes":""},"class_list":["post-186","page","type-page","status-publish","hentry"],"_links":{"self":[{"href":"http:\/\/lasteaed.tostamaa.ee\/index.php?rest_route=\/wp\/v2\/pages\/186","targetHints":{"allow":["GET"]}}],"collection":[{"href":"http:\/\/lasteaed.tostamaa.ee\/index.php?rest_route=\/wp\/v2\/pages"}],"about":[{"href":"http:\/\/lasteaed.tostamaa.ee\/index.php?rest_route=\/wp\/v2\/types\/page"}],"author":[{"embeddable":true,"href":"http:\/\/lasteaed.tostamaa.ee\/index.php?rest_route=\/wp\/v2\/users\/1"}],"replies":[{"embeddable":true,"href":"http:\/\/lasteaed.tostamaa.ee\/index.php?rest_route=%2Fwp%2Fv2%2Fcomments&post=186"}],"version-history":[{"count":5,"href":"http:\/\/lasteaed.tostamaa.ee\/index.php?rest_route=\/wp\/v2\/pages\/186\/revisions"}],"predecessor-version":[{"id":522,"href":"http:\/\/lasteaed.tostamaa.ee\/index.php?rest_route=\/wp\/v2\/pages\/186\/revisions\/522"}],"up":[{"embeddable":true,"href":"http:\/\/lasteaed.tostamaa.ee\/index.php?rest_route=\/wp\/v2\/pages\/2"}],"wp:attachment":[{"href":"http:\/\/lasteaed.tostamaa.ee\/index.php?rest_route=%2Fwp%2Fv2%2Fmedia&parent=186"}],"curies":[{"name":"wp","href":"https:\/\/api.w.org\/{rel}","templated":true}]}}

<p><a title="Koolieelse lasteasutuse seadus" href="https://www.riigiteataja.ee/akt/120112014011" target="_blank">Koolieelse lasteasutuse seadus</a></p>
<p><a title="Koolieelse lasteasutuse riiklik õppekava" href="http://https://www.riigiteataja.ee/akt/13351772">Koolieelse lasteasutuse riiklik õppekava</a></p>
<p><a href="http://www.minulaps.ee/pedagoogilised-lahenemised/peamised-muudid-3-6-aastaste-laste-arengu-kohta" target="_blank">http://www.minulaps.ee/pedagoogilised-lahenemised/peamised-muudid-3-6-aastaste-laste-arengu-kohta</a></p>
<p><a title="Pärnu Rajaleidja keskus" href="http://www.rajaleidja.ee/parnu">http://www.rajaleidja.ee/parnu</a></p>
<p><strong>Pärnumaa Rajaleidja keskus </strong>pakub lõimituna karjääri- ja õppenõustamisteenuseid ehk eripedagoogilist, logopeedilist, sotsiaalpedagoogilist, psühholoogilist ja karjäärialast nõustamist ning karjääriinfo vahendamist. Samuti viiakse keskuses läbi ka maakonna nõustamiskomisjonide tööd.<br />
Aadress Metsa 1, 80010, Pärnu<a href="http://rajaleidja.ee/parnumaa"><br />
<img loading="lazy" decoding="async" src="http://www.audrulasteaed.ee/web/images/Pildid/Innove_rajaleidja_logo.jpg" alt="Innove rajaleidja logo" width="300" height="128" /></a></p>
<p>&nbsp;</p>
<p>&nbsp;</p>

<p>Koolieelse lasteasutuse seadus Koolieelse lasteasutuse riiklik õppekava http://www.minulaps.ee/pedagoogilised-lahenemised/peamised-muudid-3-6-aastaste-laste-arengu-kohta http://www.rajaleidja.ee/parnu Pärnumaa Rajaleidja keskus pakub lõimituna karjääri- ja õppenõustamisteenuseid ehk eripedagoogilist, logopeedilist, sotsiaalpedagoogilist, psühholoogilist ja karjäärialast nõustamist ning karjääriinfo vahendamist. Samuti viiakse keskuses läbi ka maakonna nõustamiskomisjonide tööd. Aadress Metsa 1, 80010, Pärnu &nbsp; &nbsp;</p>
