{"id":78,"date":"2015-04-01T12:51:46","date_gmt":"2015-04-01T09:51:46","guid":{"rendered":"http:\/\/lasteaed.tostamaa.ee\/?page_id=78"},"modified":"2025-01-30T15:14:31","modified_gmt":"2025-01-30T13:14:31","slug":"ajalugu","status":"publish","type":"page","link":"http:\/\/lasteaed.tostamaa.ee\/?page_id=78","title":{"rendered":"Ajalugu"},"content":{"rendered":"<p>Lasteaed alustas tegevust \u00fcle 50 aasta tagasi kahekorruselises puumajas, mis on t\u00e4naseks amortiseerumise t\u00f5ttu lammutatud. Maja on uuesti \u00fcles ehitatud k\u00e4sit\u00f6\u00f6poeks<br \/>\nKihnu saarele.<\/p>\n<p>1968. aasta veebruaris valmis uus, spetsiaalselt lasteaiaks ehitatud kaher\u00fchmaline maja, millele tehti 1982. aastal t\u00fc\u00fcpprojekti j\u00e4rgi juurdeehitus. Ligi 10 aastat tegutseti 6-r\u00fchmalisena, lapsi oli \u00fcle 120 ja t\u00f6\u00f6tajaid 36. \u00d6\u00f6r\u00fchma vajasid 30 kaugemalelavat last.<\/p>\n<p>Eesti Vabariigi taasiseseisvumisega j\u00e4i piirkonnas lapsi v\u00e4hemaks, sest vanematel ei olnud enam majandis ja farmides t\u00f6\u00f6d. Esialgu j\u00e4i lasteaeda 1 s\u00f5imer\u00fchm ja 3 aiar\u00fchma. Kuna ruumi oli lasteaias \u00fclearu, kooli aga kimbutas ruumipuudus, toodi esialgu lasteaeda esimene klass. M\u00f5ne aasta p\u00e4rast suleti veel \u00fcks r\u00fchm ja lasteaia vanas osas tegutses algkool 1999-nda aastani.<\/p>\n<p>Kolmer\u00fchmalise lasteaiana (50 \u2013 60 last) tegutseti kuni 2009.a. s\u00fcgiseni. Siis aga laste arv j\u00e4rjekordselt v\u00e4henes, algas masu ja mitu \u00f5petajat j\u00e4i pensionile. Otsustati sulgeda veel \u00fcks r\u00fchm. 2021.a jaanuarist tegutseb T\u00f5stamaa lasteaias taas 3 r\u00fchma.<\/p>\n<p>Lasteaiamajas on saanud endale ruumid raamatukogu, juuksur, k\u00e4sit\u00f6\u00f6tuba ja tervisekeskus.<\/p>\n","protected":false},"excerpt":{"rendered":"<p>Lasteaed alustas tegevust \u00fcle 50 aasta tagasi kahekorruselises puumajas, mis on t\u00e4naseks amortiseerumise t\u00f5ttu lammutatud. Maja on uuesti \u00fcles ehitatud k\u00e4sit\u00f6\u00f6poeks Kihnu saarele. 1968. aasta veebruaris valmis uus, spetsiaalselt lasteaiaks ehitatud kaher\u00fchmaline maja, millele tehti 1982. aastal t\u00fc\u00fcpprojekti j\u00e4rgi juurdeehitus. Ligi 10 aastat tegutseti 6-r\u00fchmalisena, lapsi oli \u00fcle 120 ja t\u00f6\u00f6tajaid 36. \u00d6\u00f6r\u00fchma vajasid 30 [&hellip;]<\/p>\n","protected":false},"author":1,"featured_media":0,"parent":65,"menu_order":1,"comment_status":"closed","ping_status":"open","template":"","meta":{"footnotes":""},"class_list":["post-78","page","type-page","status-publish","hentry"],"_links":{"self":[{"href":"http:\/\/lasteaed.tostamaa.ee\/index.php?rest_route=\/wp\/v2\/pages\/78","targetHints":{"allow":["GET"]}}],"collection":[{"href":"http:\/\/lasteaed.tostamaa.ee\/index.php?rest_route=\/wp\/v2\/pages"}],"about":[{"href":"http:\/\/lasteaed.tostamaa.ee\/index.php?rest_route=\/wp\/v2\/types\/page"}],"author":[{"embeddable":true,"href":"http:\/\/lasteaed.tostamaa.ee\/index.php?rest_route=\/wp\/v2\/users\/1"}],"replies":[{"embeddable":true,"href":"http:\/\/lasteaed.tostamaa.ee\/index.php?rest_route=%2Fwp%2Fv2%2Fcomments&post=78"}],"version-history":[{"count":5,"href":"http:\/\/lasteaed.tostamaa.ee\/index.php?rest_route=\/wp\/v2\/pages\/78\/revisions"}],"predecessor-version":[{"id":1154,"href":"http:\/\/lasteaed.tostamaa.ee\/index.php?rest_route=\/wp\/v2\/pages\/78\/revisions\/1154"}],"up":[{"embeddable":true,"href":"http:\/\/lasteaed.tostamaa.ee\/index.php?rest_route=\/wp\/v2\/pages\/65"}],"wp:attachment":[{"href":"http:\/\/lasteaed.tostamaa.ee\/index.php?rest_route=%2Fwp%2Fv2%2Fmedia&parent=78"}],"curies":[{"name":"wp","href":"https:\/\/api.w.org\/{rel}","templated":true}]}}