{"id":80,"date":"2015-04-01T12:55:58","date_gmt":"2015-04-01T09:55:58","guid":{"rendered":"http:\/\/lasteaed.tostamaa.ee\/?page_id=80"},"modified":"2022-08-30T09:34:19","modified_gmt":"2022-08-30T06:34:19","slug":"kodukord","status":"publish","type":"page","link":"http:\/\/lasteaed.tostamaa.ee\/?page_id=80","title":{"rendered":"Kodukord"},"content":{"rendered":"<p style=\"text-align: right;\">KINNITATUD<br \/>\nDirektor Kadi Adler k\u00e4skkirjaga 1-1-1 28.02.2019<br \/>\nKOOSK\u00d5LASTATUD<br \/>\nT\u00f5stamaa Lasteaia hoolekoguga<br \/>\n27.02.2019.a. protokoll nr 2<br \/>\nJ\u00f5ustub alates 01.03.2019<\/p>\n<p>T\u00f5stamaa Lasteaia kodukord<\/p>\n<p>1. \u00dclds\u00e4tted<\/p>\n<p>1.1. Kodukorras on l\u00e4htutud Eestis kehtivatest \u00f5igusaktidest tulenevatest n\u00f5uetest. Lisaks l\u00e4htub lasteaed oma tegevuses rahvusvahelistest konventsioonidest (sh Euroopa Liidu p\u00f5hi\u00f5iguste harta; \u00dcRO laste \u00f5iguste konventsioon), P\u00e4rnu linnas kehtivatest \u00f5igusaktidest, lasteaia p\u00f5him\u00e4\u00e4rusest ja p\u00f5hiv\u00e4\u00e4rtustest.<br \/>\n1.2. Kui kodukorras puudub regulatsioon mingis valdkonnas, tuleb l\u00e4htuda lasteaia arengukavas ja \u00f5ppekavas kirja pandud p\u00f5him\u00f5tetest ja v\u00e4\u00e4rtustest.<br \/>\n1.3. Kodukord on avalik dokument, mis on k\u00e4ttesaadav lasteaia veebilehel ja paberkandjal<br \/>\nlasteaias.<br \/>\n1.4. Kodukord kehtib territoriaalselt k\u00f5ikjal, kus toimuvad \u00f5ppekavas etten\u00e4htud tegevused ja lasteaia \u00fcritused.<br \/>\n1.5. Kodukord on lastele, lapsevanematele ja lasteasutuse t\u00f6\u00f6tajatele t\u00e4itmiseks kohustuslik.<br \/>\n1.6. Lapse heaolu lasteaias tagab lapse, pere ja lasteaia personali koost\u00f6\u00f6. Vanemad ja k\u00fclalised k\u00e4ituvad lasteaia ruumides ja \u00fcritustel, samuti suhtluskeskkonnas lasteaia personaliga suheldes viisakalt ja v\u00e4\u00e4rikalt, olles eeskujuks lastele.<br \/>\n1.7. Lasteaed l\u00e4htub k\u00f5igis lapsi puudutavates ettev\u00f5tmistes lapse v\u00f5i lasteaiar\u00fchma parimatest huvidest. Iga lapsesse puutuva otsuse tegemisel v\u00f5i tegevuse planeerimisel hinnatakse, mis on konkreetse lapse parimates huvides.<\/p>\n<p>2. Infovahetus<\/p>\n<p>2.1. Lasteaia infokanalid on: veebileht, www.eliis.ee; suletud Facebooki grupp; r\u00fchmades asuvad infouksed.<br \/>\n2.2. Igal hetkel lapse perega \u00fchenduse saamiseks on vanemal kohustus anda lasteaiale perekonna kontaktandmed (vanemate telefoninumbrid, elektronposti aadressid, kodune aadress). Kontaktandmete muutumisel teatada sellest viivitamatult r\u00fchma \u00f5petajatele.<br \/>\n2.3. Arusaamatuste korral p\u00f6\u00f6rdub lapsevanem esialgu oma r\u00fchma \u00f5petaja poole, vajadusel palub abi ka direktorilt.<br \/>\n2.4. Laste, perede ja lasteaia personali isikuandmeid t\u00f6\u00f6tleb lasteaed l\u00e4htudes lasteaia isikuandmete t\u00f6\u00f6tlemise korrast ja isikuandmete kaitset ja t\u00f6\u00f6tlemist reguleerivate \u00f5igusaktide n\u00f5uetest.<\/p>\n<p>3. T\u00f6\u00f6korraldus<\/p>\n<p>3.1 Lasteaed on avatud 7.30- 18.30.<br \/>\n3.2 Lasteaia suvise lahtioleku aja otsustab P\u00e4rnu Linnavalitsus. \u00dcldjuhul on lasteaed suvel 1 kuu suletud.<br \/>\n3.3 Suvekuudel (juuni, juuli, august) on lasteaia t\u00f6\u00f6 korraldatud arvestades laste arvu, t\u00f6\u00f6tajate puhkusi ja teostatavaid remontt\u00f6id.<br \/>\n3.4 Lasteaia lahtiolekuaeg on l\u00fchendatud uusaastale, Eesti Vabariigi aastap\u00e4evale, v\u00f5idup\u00fchale ja j\u00f5ululaup\u00e4evale vahetult eelneval t\u00f6\u00f6p\u00e4eval kolme tunni v\u00f5rra.<br \/>\n3.5 Lapse esmakordselt lasteaeda tulles palume lapsevanemal leida aega lapse harjutamiseks laste kollektiiviga.<\/p>\n<p>4. Lapse saabumine ja lahkumine lasteaiast, lapse puudumine<\/p>\n<p>4.1 Lapsevanem toob lapse lasteaeda enne \u00f5ppe- ja kasvatustegevuste algust (kell 9.00), hommikus\u00f6\u00f6gi s\u00f6\u00f6jad hiljemalt kell 8.45 ja viib sealt \u00e4ra j\u00e4rgides lasteaia p\u00e4evakava.<br \/>\n4.2 Lasteaiaealine laps tuleb lasteaeda ja lahkub sealt koos saatjaga. Lapse saabudes ja r\u00fchmast lahkudes v\u00f5etakse \u00fchendust r\u00fchma t\u00f6\u00f6tajaga. Lapsevanem annab hommikul isiklikult lapse \u00fcle r\u00fchma t\u00f6\u00f6tajale ning j\u00e4rele tulles v\u00f5tab lapse vastu r\u00fchma t\u00f6\u00f6tajalt. Juhul kui lapsevanem peale lapse vastuv\u00f5tmist r\u00fchma t\u00f6\u00f6tajalt j\u00e4\u00e4b lapsega viibima lasteaia alale, loetakse laps lapsevanemale \u00fcle antuks.<br \/>\n4.3 Lasteaed annab lapse \u00fcle teisele isikule (kes ei ole lapsevanem) juhul, kui lapsevanem on lasteaeda sellest eelnevalt informeerinud.<br \/>\n4.4 Lapsevanem ja laps sisenevad ja v\u00e4ljuvad lasteaiast oma r\u00fchma v\u00e4lisukse kaudu.<br \/>\n4.5 Alaealisele pereliikmele lapse \u00fcleandmisel langetab otsuse lapsevanem, j\u00e4rgides seejuures lapse parimaid huve ja turvalisust. Lasteaia personalil on kohustus sekkuda kui m\u00e4rkab, et lapsevanema otsus on vastuolus lapse parimate huvidega v\u00f5i ohustab lapse turvalisust.<\/p>\n<p>4.6 Kui lapsele j\u00e4rele tulnud isik on lasteaia personali hinnangul seisundis, mis v\u00f5ib last ohustada, v\u00f5ib temale lapse \u00fcleandmisest keelduda ja informeerida olukorrast vanemat, ankeetandmetes m\u00e4rgitud kontaktisikuid ja\/v\u00f5i politseid.<br \/>\n4.7 Eriolukordades, kui lapsevanem ei j\u00f5ua lapsele j\u00e4rgi \u00f5igeaegselt, on tal kohustus sellest teavitada r\u00fchma t\u00f6\u00f6tajat lasteaia kontakttelefonil.<br \/>\n4.8 Kui lapsele ei ole lasteaia lahtioleku ajal j\u00e4rgi tuldud, proovib r\u00fchma t\u00f6\u00f6taja telefoni teel kontakti saada lapse vanematega v\u00f5i volitatud esindajatega ning teavitab olukorrast direktorit. Kui lapsevanemaga ei \u00f5nnestu kontakti saada, teavitab r\u00fchma t\u00f6\u00f6taja politseid lasteaeda j\u00e4etud lapsest ja j\u00e4rgnevalt toimitakse politsei korralduste j\u00e4rgi.<br \/>\n4.9 Lapsevanem teavitab lasteaeda lapse puudumisest hiljemalt sama p\u00e4eva kella 7.30-ks Eliis.eu kaudu.<\/p>\n<p>5 . Lapse tervise, heaolu ja arengu toetamine<\/p>\n<p>5.1 Lapsevanem informeerib lasteaia direktorit kirjalikult lapse terviseseisundist tulenevatest eritingimustest, mille alusel personal kohandab v\u00f5imaluse korral p\u00e4evakava, kasvukeskkonda ning \u00f5ppe- ja kasvatustegevuse korraldust.<br \/>\n5.2 Lasteaia t\u00f6\u00f6tajad kujundavad erivajadustega lastele koost\u00f6\u00f6s kohaliku omavalitsusega laste arengut soodustava ja v\u00f5imalustele vastava keskkonna. Erivahendite (prillid, insuliinipump, k\u00f5rvaimplantaat jm) kandmise puhul on vanem eelnevalt lapsele selgitanud nende kandmist ja hoidmist. Lasteaia personal ei vastuta prillide purunemise eest. Ehted ei tohi kujutada ohtu lapse turvalisusele. Lapsed ei kanna lasteaias rippuvaid k\u00f5rvar\u00f5ngaid.<br \/>\n5.3 Lasteaeda ei lubata last, kui lapse terviseseisund v\u00f5ib ohustada lapse enda v\u00f5i teiste tervist.<br \/>\n5.4 R\u00fchma t\u00f6\u00f6taja j\u00e4lgib lapse terviseseisundit lasteasutusse vastuv\u00f5tul ja seal viibimise ajal ning teavitab lapse tervise- v\u00f5i k\u00e4itumish\u00e4iretest lapsevanemat ja vajadusel lasteaia direktorit.<br \/>\n5.5 Lasteaias ei anta lapsele ravimeid. Kui arst on lapse kroonilise terviserikke korral m\u00e4\u00e4ranud lapsele ravimite manustamise, v\u00f5ib erandjuhul (nt diabeetikule) lasteasutuses anda ravimeid (originaalpakendis) arsti m\u00e4\u00e4ratud annuses \u00fcksnes vanema kirjalikul taotlusel ja kokkuleppel lasteasutuse tervishoiut\u00f6\u00f6tajaga v\u00f5i direktori m\u00e4\u00e4ratud lasteasutuse t\u00f6\u00f6tajaga.<br \/>\n5.6 Lapse haigestumisel lasteaias teavitab \u00f5petaja lapsevanemat ning vanem tuleb haigestunud lapsele esimesel v\u00f5imalusel j\u00e4rgi.<br \/>\n5.7 Lapse nakkushaigusesse haigestumisest on vajalik teavitada lasteaeda esimesel v\u00f5imalusel.<br \/>\n5.8 Lapse lasteaias haigestumise v\u00f5i vigastuse korral kutsub lasteaia t\u00f6\u00f6taja vajadusel kiirabi ja v\u00f5tab \u00fchendust lapse vanemaga. Lapsevanema v\u00f5i kiirabi tulekuni v\u00f5imaldatakse lapsel vajaduse korral lamada j\u00e4relevalve all. Vajadusel antakse haigestunud v\u00f5i vigastatud lapsele kiirabi kohale j\u00f5udmiseni esmast abi.<br \/>\n5.9 Nakkushaiguse kahtlusega laps tuleb lasteaia t\u00f6\u00f6tajal v\u00f5imaluse korral eraldada teistest lastest, kuid teda ei tohi paigutada \u00fcksinda eraldi ruumi.<br \/>\n5.10 Lasteaia direktor v\u00f5i tervishoiut\u00f6\u00f6taja teatab telefoni teel v\u00f5i e-kirjaga Terviseametile ning avaldab vanematele teate lasteasutuses levivast nakkushaiguse puhangust v\u00f5i juhtumist, nimetamata seejuures haigestunud ja nakkuskahtlusega laste nimesid.<br \/>\n5.11 Nakkushaiguste esinemise perioodil rakendatakse lasteaias eri puhastuskorda ja k\u00e4te pesemise n\u00f5udeid, j\u00e4rgides Terviseameti juhiseid.<br \/>\n5.12 Laps tuleb lasteaeda puhaste ja tervete riietega ning korrastatud v\u00e4limusega (s.h juuksed).<br \/>\n5.13 Lapsel peavad kaasas olema isiklikud h\u00fcgieenivahendid (vajadusel kamm, vahetuspesu) ja v\u00f5imlemisriided.<br \/>\n5.14 Lapsel on soovitatav kanda libisemiskindla tallaga ja kindlalt jalas p\u00fcsivaid jalan\u00f5usid, et v\u00e4hendada komistamis- ja kukkumisohtu.<br \/>\n5.15 Lapsel on \u00f5ueriided, peakate ja jalan\u00f5ud l\u00e4htuvalt ilmastikust. Suveperioodil on lapsel \u00f5huke m\u00fcts v\u00f5i r\u00e4tik, et ennetada p\u00e4ikesepiste ohtu. Soovitatavalt on lapse riided markeeritud, t\u00f6\u00f6korras lukkude ja riputusaasaga. S\u00f5rmikud lastel, kes oskavad neid ise k\u00e4tte panna.<br \/>\n5.16 Lapse riietel ei tohi olla ohtlikke pikki n\u00f6\u00f6re, salle jt ohtlikke detaile.<br \/>\n5.17 Lapsel on kapis vahetusriided juhuks, kui riided saavad m\u00e4rjaks v\u00f5i m\u00e4\u00e4rduvad.<br \/>\n5.18 Soodsate ilmastikutingimuste korral toimub v\u00f5imalikult palju laste tegevusi \u00f5ues.<br \/>\n5.19 Lasteaiap\u00e4eva jooksul on lapsele ette n\u00e4htud puhkeaeg (kell 13.00 \u2013 15.00), millal laps viibib voodis.<br \/>\n5.20 Laste toitlustamine lasteaias toimub l\u00e4htudes kehtestatud kohustuslikest tervisekaitsen\u00f5uetest.<br \/>\n5.21 Avalduse alusel on v\u00f5imalik loobuda s\u00f6\u00f6gikordadest.<br \/>\n5.22 Lapsevanem toob aasta jooksul lasteaeda karbi pabertaskur\u00e4tikuid.<\/p>\n<p>6 Turvalisuse tagamine<\/p>\n<p>6.1 Lasteaed hoolitseb laste f\u00fc\u00fcsilise, vaimse ja sotsiaalse turvalisuse eest.<br \/>\n6.2 Lasteaia t\u00f6\u00f6tajad loovad lasteaias f\u00fc\u00fcsilise ja ps\u00fchhosotsiaalse keskkonna, mis on ohutu, turvaline ja pakub lastele erinevaid m\u00e4ngu-, \u00f5pi- ja loovtegevuse ning kehalise aktiivsuse edendamise v\u00f5imalusi.<br \/>\n6.3 Lasteaias on keelatud igasugune tegevus, mis ohustab laste ja t\u00f6\u00f6tajate vaimset ja f\u00fc\u00fcsilist turvalisust.<br \/>\n6.4 Lasteaias on m\u00e4ngu- ja v\u00f5imlemisvahendeid, mille konstruktsioon, m\u00f5\u00f5tmed ja pindade viimistlus vastavad lapse eale ja kasvule. Ronimisredelid, spordi- ja m\u00e4nguv\u00e4ljaku ning v\u00f5imlemisvahendeid on kontrollitud tootja juhendite kohaselt.<br \/>\n6.5 Lasteaia m\u00f6\u00f6bel on paigutatud nii, et minimaliseerida vigastuste tekkimise ohtu ja lastel on v\u00f5imalikult palju ruumi m\u00e4ngimiseks.<br \/>\n6.6 Laste v\u00e4ljap\u00e4\u00e4s lasteaia ruumidest ja territooriumilt lasteaia t\u00f6\u00f6taja teadmata ning v\u00f5\u00f5raste isikute omavoliline p\u00e4\u00e4s lasteaia ruumidesse on keelatud.<br \/>\n6.7 Laste viibimisel lasteaia territooriumil ja\/v\u00f5i v\u00e4ljaspool seda tagab lasteaed n\u00f5utava personali olemasolu.<br \/>\n6.8 \u00d5ppek\u00e4igu ajal t\u00e4naval liigeldes on lapsed ja r\u00fchma t\u00f6\u00f6tajad helkurvestides.<br \/>\n6.9 Lapsevanemad, lasteaia t\u00f6\u00f6tajad ja lapsed sulgevad enda j\u00e4rel v\u00e4ravad, et tagada laste turvalisus.<br \/>\n6.10 Lasteaia \u00f5ueala on motoriseeritud liiklusvahenditele suletud, va lasteaeda teenindavatele transpordivahenditele, kellel on vastav luba.<br \/>\n6.11 Lasteaeda ei tooda kaasa lapsele ohtlikke, hirmu ning tugevat heli tekitavaid ja v\u00e4givaldseid m\u00e4nge \u00f5hutavaid m\u00e4nguasju.<br \/>\n6.12 Seadusest tulenevalt ning turvalisuse tagamiseks tuleb lasteaia territooriumil jalgrattaga s\u00f5itval lapsel kanda kiivrit. Jalgrattaga lasteaeda tulles peab lapsel kaasas olema enda kiiver.<br \/>\n6.13 Lapsevanema vastutusel on lapsel lubatud lasteaeda kaasa tuua oma m\u00e4nguasju vastavalt r\u00fchmas kokkulepitud reeglitele.<br \/>\n6.14 Laps suhtub hoolikalt isiklikku, teiste laste ja lasteaia varasse ja hoidub selle kahjustamisest. Lapse poolt lasteaia v\u00f5i teise lapse vara kahjustamise v\u00f5i h\u00e4vimise korral h\u00fcvitab kahju selle tekitanud lapse vanem \u00f5igusaktis etten\u00e4htud korras.<br \/>\nLasteaias lapse poolt teisele lapsele v\u00f5i lasteaia personalile tervisekahjustuse tekitamise korral vastutab selle eest kahju tekitanud lapse vanem \u00f5igusaktis etten\u00e4htud korras.<br \/>\n6.15 Lapsed, lapsevanemad ja lasteaiat\u00f6\u00f6tajad on kohustatud viivitamatult teavitama r\u00fchma t\u00f6\u00f6tajat v\u00f5i lasteasutuse direktorit laste ja lasteasutuse t\u00f6\u00f6tajate vaimset ja f\u00fc\u00fcsilist turvalisust ohustavatest olukordadest.<br \/>\n6.16 Laste ja lasteasutuse t\u00f6\u00f6tajate vaimset ja f\u00fc\u00fcsilist turvalisust ohustavate olukordade lahendamine ja meetmete rakendamine toimub lasteaia kriisimeeskonna poolt vastavalt h\u00e4daolukorra lahendamise plaanile.<br \/>\n6.17 Lapse v\u00e4givaldse k\u00e4itumise korral tegutseb lasteaia t\u00f6\u00f6taja viivitamatult ohuolukorra likvideerimiseks, j\u00e4rgides kehtestatud n\u00f5udeid ning valides ohusituatsioonile vastava s\u00e4\u00e4stvaima vahendi. V\u00f5imalusel koosk\u00f5lastatakse k\u00e4itumisviis eelnevalt lapsevanemaga.<\/p>\n<p>7. Lasteaiatasu<\/p>\n<p>7.1 Lapsevanem tasub P\u00e4rnu Linnavolikogu poolt kinnitatud osalustasu ning lasteaia hoolekogu kinnitatud toiduraha. Osalustasu tasutakse jooksva kuu eest, toiduraha maksab vanem eelmise kuu eest.<br \/>\n7.2 Lapsevanema poolt kaetav osalustasu ja toiduraha tasutakse P\u00e4rnu Linnavalitsuse raamatupidamise teenistuse poolt koostatud ja v\u00e4ljastatud arve alusel jooksva kuu 20-ndaks kuup\u00e4evaks arvel n\u00e4idatud pangakontole.<br \/>\n7.3 Puudutud p\u00e4eva eest ei pea toiduraha maksma, kui lapsevanem on lasteaeda teavitanud lapse puudumise p\u00e4eval enne 7.30.<br \/>\n7.4 Makseraskuste tekkides on lapsevanemal v\u00f5la tasumiseks v\u00f5imalik koostada direktori juures maksegraafik.<br \/>\n7.5 Laps arvatakse lasteaiast v\u00e4lja direktori k\u00e4skkirja alusel, kui vanem (eestkostja) ei ole kahe kuu jooksul arve saamisest arvates seda tasunud ega teavitanud lasteaia direktorit tekkinud makseraskustest ning avaldanud soovi maksegraafiku koostamiseks.<br \/>\n7.6 Lapsevanem vabastatakse tema poolt kaetava osa maksmisest lasteaiakoha mittekasutamisel 31 kalendrip\u00e4eva ulatuses, millal lasteaed on linnavalitsuse korraldusel suletud v\u00f5i vanema kirjaliku avalduse alusel, mis on esitatud enne lasteaiakoha mittekasutamise perioodi algust.<\/p>\n","protected":false},"excerpt":{"rendered":"<p>KINNITATUD Direktor Kadi Adler k\u00e4skkirjaga 1-1-1 28.02.2019 KOOSK\u00d5LASTATUD T\u00f5stamaa Lasteaia hoolekoguga 27.02.2019.a. protokoll nr 2 J\u00f5ustub alates 01.03.2019 T\u00f5stamaa Lasteaia kodukord 1. \u00dclds\u00e4tted 1.1. Kodukorras on l\u00e4htutud Eestis kehtivatest \u00f5igusaktidest tulenevatest n\u00f5uetest. Lisaks l\u00e4htub lasteaed oma tegevuses rahvusvahelistest konventsioonidest (sh Euroopa Liidu p\u00f5hi\u00f5iguste harta; \u00dcRO laste \u00f5iguste konventsioon), P\u00e4rnu linnas kehtivatest \u00f5igusaktidest, lasteaia p\u00f5him\u00e4\u00e4rusest ja [&hellip;]<\/p>\n","protected":false},"author":1,"featured_media":0,"parent":67,"menu_order":0,"comment_status":"closed","ping_status":"open","template":"","meta":{"footnotes":""},"class_list":["post-80","page","type-page","status-publish","hentry"],"_links":{"self":[{"href":"http:\/\/lasteaed.tostamaa.ee\/index.php?rest_route=\/wp\/v2\/pages\/80","targetHints":{"allow":["GET"]}}],"collection":[{"href":"http:\/\/lasteaed.tostamaa.ee\/index.php?rest_route=\/wp\/v2\/pages"}],"about":[{"href":"http:\/\/lasteaed.tostamaa.ee\/index.php?rest_route=\/wp\/v2\/types\/page"}],"author":[{"embeddable":true,"href":"http:\/\/lasteaed.tostamaa.ee\/index.php?rest_route=\/wp\/v2\/users\/1"}],"replies":[{"embeddable":true,"href":"http:\/\/lasteaed.tostamaa.ee\/index.php?rest_route=%2Fwp%2Fv2%2Fcomments&post=80"}],"version-history":[{"count":5,"href":"http:\/\/lasteaed.tostamaa.ee\/index.php?rest_route=\/wp\/v2\/pages\/80\/revisions"}],"predecessor-version":[{"id":1076,"href":"http:\/\/lasteaed.tostamaa.ee\/index.php?rest_route=\/wp\/v2\/pages\/80\/revisions\/1076"}],"up":[{"embeddable":true,"href":"http:\/\/lasteaed.tostamaa.ee\/index.php?rest_route=\/wp\/v2\/pages\/67"}],"wp:attachment":[{"href":"http:\/\/lasteaed.tostamaa.ee\/index.php?rest_route=%2Fwp%2Fv2%2Fmedia&parent=80"}],"curies":[{"name":"wp","href":"https:\/\/api.w.org\/{rel}","templated":true}]}}